{"id":1082,"date":"2025-09-29T12:07:49","date_gmt":"2025-09-29T15:07:49","guid":{"rendered":"https:\/\/ssjenergydrink.com\/?page_id=1082"},"modified":"2025-11-11T00:53:18","modified_gmt":"2025-11-11T03:53:18","slug":"ssj-energy-drink-2","status":"publish","type":"page","link":"https:\/\/ssjenergydrink.com\/","title":{"rendered":"SSJ Energy Drink"},"content":{"rendered":"\t\t<div data-elementor-type=\"wp-page\" data-elementor-id=\"1082\" class=\"elementor elementor-1082\" data-elementor-post-type=\"page\">\n\t\t\t\t<section class=\"elementor-element elementor-element-aff1c3c e-con-full e-flex e-con e-parent\" data-id=\"aff1c3c\" data-element_type=\"container\" data-settings=\"{&quot;background_background&quot;:&quot;classic&quot;}\">\n\t\t\t\t<\/section>\n\t\t<div class=\"elementor-element elementor-element-d23ef74 e-con-full e-flex e-con e-parent\" data-id=\"d23ef74\" data-element_type=\"container\" data-settings=\"{&quot;background_background&quot;:&quot;classic&quot;}\">\n\t\t\t\t<div class=\"elementor-element elementor-element-ab29bb5 elementor-widget elementor-widget-image\" data-id=\"ab29bb5\" data-element_type=\"widget\" data-widget_type=\"image.default\">\n\t\t\t\t\t\t\t\t\t\t\t\t\t\t\t<img fetchpriority=\"high\" decoding=\"async\" width=\"768\" height=\"74\" src=\"https:\/\/ssjenergydrink.com\/wp-content\/uploads\/2025\/09\/SEASON-01-768x74.png\" class=\"attachment-medium_large size-medium_large wp-image-1084\" alt=\"\" srcset=\"https:\/\/ssjenergydrink.com\/wp-content\/uploads\/2025\/09\/SEASON-01-768x74.png 768w, https:\/\/ssjenergydrink.com\/wp-content\/uploads\/2025\/09\/SEASON-01-300x29.png 300w, https:\/\/ssjenergydrink.com\/wp-content\/uploads\/2025\/09\/SEASON-01.png 872w\" sizes=\"(max-width: 768px) 100vw, 768px\" \/>\t\t\t\t\t\t\t\t\t\t\t\t\t\t\t<\/div>\n\t\t\t\t<div class=\"elementor-element elementor-element-40bb0fa elementor-widget elementor-widget-image\" data-id=\"40bb0fa\" data-element_type=\"widget\" data-widget_type=\"image.default\">\n\t\t\t\t\t\t\t\t\t\t\t\t\t\t\t<img decoding=\"async\" width=\"763\" height=\"133\" src=\"https:\/\/ssjenergydrink.com\/wp-content\/uploads\/2025\/09\/Listo-para-romper-la-rutina.png\" class=\"attachment-large size-large wp-image-1085\" alt=\"\" srcset=\"https:\/\/ssjenergydrink.com\/wp-content\/uploads\/2025\/09\/Listo-para-romper-la-rutina.png 763w, https:\/\/ssjenergydrink.com\/wp-content\/uploads\/2025\/09\/Listo-para-romper-la-rutina-300x52.png 300w\" sizes=\"(max-width: 763px) 100vw, 763px\" \/>\t\t\t\t\t\t\t\t\t\t\t\t\t\t\t<\/div>\n\t\t\t\t<\/div>\n\t\t<div class=\"elementor-element elementor-element-71863f5 e-con-full e-flex e-con e-parent\" data-id=\"71863f5\" data-element_type=\"container\" data-settings=\"{&quot;background_background&quot;:&quot;classic&quot;}\">\n\t\t<div class=\"elementor-element elementor-element-b226c7f e-con-full e-flex e-con e-child\" data-id=\"b226c7f\" data-element_type=\"container\" data-settings=\"{&quot;background_background&quot;:&quot;classic&quot;}\">\n\t\t\t\t<\/div>\n\t\t<div class=\"elementor-element elementor-element-13d485a e-con-full e-flex e-con e-child\" data-id=\"13d485a\" data-element_type=\"container\" data-settings=\"{&quot;background_background&quot;:&quot;classic&quot;}\">\n\t\t\t\t<div class=\"elementor-element elementor-element-aebaad2 elementor-widget elementor-widget-image\" data-id=\"aebaad2\" data-element_type=\"widget\" data-widget_type=\"image.default\">\n\t\t\t\t\t\t\t\t\t\t\t\t\t\t\t<img decoding=\"async\" width=\"300\" height=\"23\" src=\"https:\/\/ssjenergydrink.com\/wp-content\/uploads\/2025\/09\/NINJA-MANGO-300x23.png\" class=\"attachment-medium size-medium wp-image-1116\" alt=\"\" srcset=\"https:\/\/ssjenergydrink.com\/wp-content\/uploads\/2025\/09\/NINJA-MANGO-300x23.png 300w, https:\/\/ssjenergydrink.com\/wp-content\/uploads\/2025\/09\/NINJA-MANGO-768x59.png 768w, https:\/\/ssjenergydrink.com\/wp-content\/uploads\/2025\/09\/NINJA-MANGO.png 831w\" sizes=\"(max-width: 300px) 100vw, 300px\" \/>\t\t\t\t\t\t\t\t\t\t\t\t\t\t\t<\/div>\n\t\t\t\t<div class=\"elementor-element elementor-element-8f60cc3 elementor-widget elementor-widget-text-editor\" data-id=\"8f60cc3\" data-element_type=\"widget\" data-widget_type=\"text-editor.default\">\n\t\t\t\t\t\t\t\t\t<p><span style=\"color: #ffffff;\">\u00bfReady para el golpe tropical?<\/span><br \/><span style=\"color: #ffffff;\">Ninja Mango no avisa: Explota de sabor y energia.<\/span><br \/><span style=\"color: #ffffff;\">No hay pausa. No hay l\u00edmites. Feel The POWER!<\/span><\/p>\t\t\t\t\t\t\t\t<\/div>\n\t\t\t\t<div class=\"elementor-element elementor-element-6b9aa5a elementor-widget__width-inherit elementor-widget elementor-widget-image\" data-id=\"6b9aa5a\" data-element_type=\"widget\" data-widget_type=\"image.default\">\n\t\t\t\t\t\t\t\t\t\t\t\t\t\t\t<img loading=\"lazy\" decoding=\"async\" width=\"300\" height=\"110\" src=\"https:\/\/ssjenergydrink.com\/wp-content\/uploads\/2025\/09\/ICONOS-NINJA-MANGO-300x110.png\" class=\"attachment-medium size-medium wp-image-1174\" alt=\"\" srcset=\"https:\/\/ssjenergydrink.com\/wp-content\/uploads\/2025\/09\/ICONOS-NINJA-MANGO-300x110.png 300w, https:\/\/ssjenergydrink.com\/wp-content\/uploads\/2025\/09\/ICONOS-NINJA-MANGO.png 594w\" sizes=\"(max-width: 300px) 100vw, 300px\" \/>\t\t\t\t\t\t\t\t\t\t\t\t\t\t\t<\/div>\n\t\t\t\t<div class=\"elementor-element elementor-element-db1bf11 elementor-widget__width-inherit elementor-widget elementor-widget-image\" data-id=\"db1bf11\" data-element_type=\"widget\" data-widget_type=\"image.default\">\n\t\t\t\t\t\t\t\t\t\t\t\t\t\t\t<img loading=\"lazy\" decoding=\"async\" width=\"300\" height=\"18\" src=\"https:\/\/ssjenergydrink.com\/wp-content\/uploads\/2025\/09\/S01-SENTI-LA-FUERZA-SSJ--300x18.png\" class=\"attachment-medium size-medium wp-image-1190\" alt=\"\" srcset=\"https:\/\/ssjenergydrink.com\/wp-content\/uploads\/2025\/09\/S01-SENTI-LA-FUERZA-SSJ--300x18.png 300w, https:\/\/ssjenergydrink.com\/wp-content\/uploads\/2025\/09\/S01-SENTI-LA-FUERZA-SSJ-.png 368w\" sizes=\"(max-width: 300px) 100vw, 300px\" \/>\t\t\t\t\t\t\t\t\t\t\t\t\t\t\t<\/div>\n\t\t\t\t<\/div>\n\t\t\t\t<\/div>\n\t\t<div class=\"elementor-element elementor-element-60b89eb e-con-full elementor-hidden-desktop e-flex e-con e-parent\" data-id=\"60b89eb\" data-element_type=\"container\" data-settings=\"{&quot;background_background&quot;:&quot;classic&quot;}\">\n\t\t\t\t<\/div>\n\t\t<div class=\"elementor-element elementor-element-f3e35a3 elementor-hidden-tablet elementor-hidden-mobile e-flex e-con-boxed e-con e-parent\" data-id=\"f3e35a3\" data-element_type=\"container\" data-settings=\"{&quot;background_background&quot;:&quot;classic&quot;}\">\n\t\t\t\t\t<div class=\"e-con-inner\">\n\t\t<div class=\"elementor-element elementor-element-cfaeb5a e-con-full e-flex e-con e-child\" data-id=\"cfaeb5a\" data-element_type=\"container\" data-settings=\"{&quot;background_background&quot;:&quot;classic&quot;}\">\n\t\t\t\t<div class=\"elementor-element elementor-element-5a25ad1 elementor-widget elementor-widget-image\" data-id=\"5a25ad1\" data-element_type=\"widget\" data-widget_type=\"image.default\">\n\t\t\t\t\t\t\t\t\t\t\t\t\t\t\t<img loading=\"lazy\" decoding=\"async\" width=\"300\" height=\"79\" src=\"https:\/\/ssjenergydrink.com\/wp-content\/uploads\/2025\/09\/ELECTRIC-GUARANA-300x79.png\" class=\"attachment-medium size-medium wp-image-1210\" alt=\"\" srcset=\"https:\/\/ssjenergydrink.com\/wp-content\/uploads\/2025\/09\/ELECTRIC-GUARANA-300x79.png 300w, https:\/\/ssjenergydrink.com\/wp-content\/uploads\/2025\/09\/ELECTRIC-GUARANA.png 579w\" sizes=\"(max-width: 300px) 100vw, 300px\" \/>\t\t\t\t\t\t\t\t\t\t\t\t\t\t\t<\/div>\n\t\t\t\t<div class=\"elementor-element elementor-element-db8a70a elementor-widget elementor-widget-text-editor\" data-id=\"db8a70a\" data-element_type=\"widget\" data-widget_type=\"text-editor.default\">\n\t\t\t\t\t\t\t\t\t<p><span style=\"color: #ffffff;\">\u00a1Despert\u00e1 tu d\u00eda con la energ\u00eda pura del sabor guaran\u00e1!<\/span><br \/><span style=\"color: #ffffff;\">Porque cualquier momento es ideal para una SSJ.<\/span><br \/><span style=\"color: #ffffff;\">Revitalizate, refrescate y disfrut\u00e1 con Electric Guaran\u00e1.<\/span><\/p>\t\t\t\t\t\t\t\t<\/div>\n\t\t\t\t<div class=\"elementor-element elementor-element-4977c71 elementor-widget elementor-widget-image\" data-id=\"4977c71\" data-element_type=\"widget\" data-widget_type=\"image.default\">\n\t\t\t\t\t\t\t\t\t\t\t\t\t\t\t<img loading=\"lazy\" decoding=\"async\" width=\"300\" height=\"110\" src=\"https:\/\/ssjenergydrink.com\/wp-content\/uploads\/2025\/09\/ICONOS-ELECTRIC-GUARANA-300x110.png\" class=\"attachment-medium size-medium wp-image-1223\" alt=\"\" srcset=\"https:\/\/ssjenergydrink.com\/wp-content\/uploads\/2025\/09\/ICONOS-ELECTRIC-GUARANA-300x110.png 300w, https:\/\/ssjenergydrink.com\/wp-content\/uploads\/2025\/09\/ICONOS-ELECTRIC-GUARANA.png 594w\" sizes=\"(max-width: 300px) 100vw, 300px\" \/>\t\t\t\t\t\t\t\t\t\t\t\t\t\t\t<\/div>\n\t\t\t\t<div class=\"elementor-element elementor-element-f8f8720 elementor-widget elementor-widget-image\" data-id=\"f8f8720\" data-element_type=\"widget\" data-widget_type=\"image.default\">\n\t\t\t\t\t\t\t\t\t\t\t\t\t\t\t<img loading=\"lazy\" decoding=\"async\" width=\"300\" height=\"18\" src=\"https:\/\/ssjenergydrink.com\/wp-content\/uploads\/2025\/09\/S01-SENTI-LA-FUERZA-SSJ--300x18.png\" class=\"attachment-medium size-medium wp-image-1190\" alt=\"\" srcset=\"https:\/\/ssjenergydrink.com\/wp-content\/uploads\/2025\/09\/S01-SENTI-LA-FUERZA-SSJ--300x18.png 300w, https:\/\/ssjenergydrink.com\/wp-content\/uploads\/2025\/09\/S01-SENTI-LA-FUERZA-SSJ-.png 368w\" sizes=\"(max-width: 300px) 100vw, 300px\" \/>\t\t\t\t\t\t\t\t\t\t\t\t\t\t\t<\/div>\n\t\t\t\t<\/div>\n\t\t\t\t\t<\/div>\n\t\t\t\t<\/div>\n\t\t<div class=\"elementor-element elementor-element-1a8ab4f e-con-full elementor-hidden-desktop e-flex e-con e-parent\" data-id=\"1a8ab4f\" data-element_type=\"container\" data-settings=\"{&quot;background_background&quot;:&quot;classic&quot;}\">\n\t\t\t\t<div class=\"elementor-element elementor-element-02be169 elementor-widget elementor-widget-image\" data-id=\"02be169\" data-element_type=\"widget\" data-widget_type=\"image.default\">\n\t\t\t\t\t\t\t\t\t\t\t\t\t\t\t<img loading=\"lazy\" decoding=\"async\" width=\"300\" height=\"79\" src=\"https:\/\/ssjenergydrink.com\/wp-content\/uploads\/2025\/09\/ELECTRIC-GUARANA-300x79.png\" class=\"attachment-medium size-medium wp-image-1210\" alt=\"\" srcset=\"https:\/\/ssjenergydrink.com\/wp-content\/uploads\/2025\/09\/ELECTRIC-GUARANA-300x79.png 300w, https:\/\/ssjenergydrink.com\/wp-content\/uploads\/2025\/09\/ELECTRIC-GUARANA.png 579w\" sizes=\"(max-width: 300px) 100vw, 300px\" \/>\t\t\t\t\t\t\t\t\t\t\t\t\t\t\t<\/div>\n\t\t\t\t<div class=\"elementor-element elementor-element-ec4c86c elementor-widget elementor-widget-text-editor\" data-id=\"ec4c86c\" data-element_type=\"widget\" data-widget_type=\"text-editor.default\">\n\t\t\t\t\t\t\t\t\t<p><span style=\"color: #ffffff;\">\u00a1Despert\u00e1 tu d\u00eda con la energ\u00eda pura del sabor guaran\u00e1!<\/span><br \/><span style=\"color: #ffffff;\">Porque cualquier momento es ideal para una SSJ.<\/span><br \/><span style=\"color: #ffffff;\">Revitalizate, refrescate y disfrut\u00e1 con Electric Guaran\u00e1.<\/span><\/p>\t\t\t\t\t\t\t\t<\/div>\n\t\t\t\t<div class=\"elementor-element elementor-element-fc45464 elementor-widget elementor-widget-image\" data-id=\"fc45464\" data-element_type=\"widget\" data-widget_type=\"image.default\">\n\t\t\t\t\t\t\t\t\t\t\t\t\t\t\t<img loading=\"lazy\" decoding=\"async\" width=\"300\" height=\"110\" src=\"https:\/\/ssjenergydrink.com\/wp-content\/uploads\/2025\/09\/ICONOS-ELECTRIC-GUARANA-300x110.png\" class=\"attachment-medium size-medium wp-image-1223\" alt=\"\" srcset=\"https:\/\/ssjenergydrink.com\/wp-content\/uploads\/2025\/09\/ICONOS-ELECTRIC-GUARANA-300x110.png 300w, https:\/\/ssjenergydrink.com\/wp-content\/uploads\/2025\/09\/ICONOS-ELECTRIC-GUARANA.png 594w\" sizes=\"(max-width: 300px) 100vw, 300px\" \/>\t\t\t\t\t\t\t\t\t\t\t\t\t\t\t<\/div>\n\t\t\t\t<div class=\"elementor-element elementor-element-648944d elementor-widget elementor-widget-image\" data-id=\"648944d\" data-element_type=\"widget\" data-widget_type=\"image.default\">\n\t\t\t\t\t\t\t\t\t\t\t\t\t\t\t<img loading=\"lazy\" decoding=\"async\" width=\"300\" height=\"18\" src=\"https:\/\/ssjenergydrink.com\/wp-content\/uploads\/2025\/09\/S01-SENTI-LA-FUERZA-SSJ--300x18.png\" class=\"attachment-medium size-medium wp-image-1190\" alt=\"\" srcset=\"https:\/\/ssjenergydrink.com\/wp-content\/uploads\/2025\/09\/S01-SENTI-LA-FUERZA-SSJ--300x18.png 300w, https:\/\/ssjenergydrink.com\/wp-content\/uploads\/2025\/09\/S01-SENTI-LA-FUERZA-SSJ-.png 368w\" sizes=\"(max-width: 300px) 100vw, 300px\" \/>\t\t\t\t\t\t\t\t\t\t\t\t\t\t\t<\/div>\n\t\t\t\t<\/div>\n\t\t<div class=\"elementor-element elementor-element-5d5c58b e-con-full e-flex e-con e-parent\" data-id=\"5d5c58b\" data-element_type=\"container\" data-settings=\"{&quot;background_background&quot;:&quot;classic&quot;}\">\n\t\t<div class=\"elementor-element elementor-element-279e32a e-con-full e-flex e-con e-child\" data-id=\"279e32a\" data-element_type=\"container\" data-settings=\"{&quot;background_background&quot;:&quot;classic&quot;}\">\n\t\t\t\t<\/div>\n\t\t<div class=\"elementor-element elementor-element-7db6f80 e-con-full e-flex e-con e-child\" data-id=\"7db6f80\" data-element_type=\"container\" data-settings=\"{&quot;background_background&quot;:&quot;classic&quot;}\">\n\t\t\t\t<div class=\"elementor-element elementor-element-ed2a355 elementor-widget elementor-widget-image\" data-id=\"ed2a355\" data-element_type=\"widget\" data-widget_type=\"image.default\">\n\t\t\t\t\t\t\t\t\t\t\t\t\t\t\t<img loading=\"lazy\" decoding=\"async\" width=\"300\" height=\"63\" src=\"https:\/\/ssjenergydrink.com\/wp-content\/uploads\/2025\/09\/FEEL-THE-RUSKIY-1-1-300x63.png\" class=\"attachment-medium size-medium wp-image-1229\" alt=\"\" srcset=\"https:\/\/ssjenergydrink.com\/wp-content\/uploads\/2025\/09\/FEEL-THE-RUSKIY-1-1-300x63.png 300w, https:\/\/ssjenergydrink.com\/wp-content\/uploads\/2025\/09\/FEEL-THE-RUSKIY-1-1.png 721w\" sizes=\"(max-width: 300px) 100vw, 300px\" \/>\t\t\t\t\t\t\t\t\t\t\t\t\t\t\t<\/div>\n\t\t\t\t<div class=\"elementor-element elementor-element-f4d1aea elementor-widget elementor-widget-text-editor\" data-id=\"f4d1aea\" data-element_type=\"widget\" data-widget_type=\"text-editor.default\">\n\t\t\t\t\t\t\t\t\t<p><span style=\"color: #ffffff;\">Para un momento CHILL con ese grupo que te hace reir o con tu dupla favorita.<\/span><br \/><span style=\"color: #ffffff;\">RUSKIY &#8211; VDK &amp; GUARAN\u00c1. No necesit\u00e1s m\u00e1s: AMIGOS, AMIGAS y SSJ.<\/span><\/p>\t\t\t\t\t\t\t\t<\/div>\n\t\t\t\t<div class=\"elementor-element elementor-element-f351c6e elementor-widget elementor-widget-image\" data-id=\"f351c6e\" data-element_type=\"widget\" data-widget_type=\"image.default\">\n\t\t\t\t\t\t\t\t\t\t\t\t\t\t\t<img loading=\"lazy\" decoding=\"async\" width=\"290\" height=\"218\" src=\"https:\/\/ssjenergydrink.com\/wp-content\/uploads\/2025\/09\/ICONOS-RUSKIY.png\" class=\"attachment-medium size-medium wp-image-1236\" alt=\"\" \/>\t\t\t\t\t\t\t\t\t\t\t\t\t\t\t<\/div>\n\t\t\t\t<div class=\"elementor-element elementor-element-6196ff8 elementor-widget elementor-widget-image\" data-id=\"6196ff8\" data-element_type=\"widget\" data-widget_type=\"image.default\">\n\t\t\t\t\t\t\t\t\t\t\t\t\t\t\t<img loading=\"lazy\" decoding=\"async\" width=\"300\" height=\"18\" src=\"https:\/\/ssjenergydrink.com\/wp-content\/uploads\/2025\/09\/S01-SENTI-LA-FUERZA-SSJ--300x18.png\" class=\"attachment-medium size-medium wp-image-1190\" alt=\"\" srcset=\"https:\/\/ssjenergydrink.com\/wp-content\/uploads\/2025\/09\/S01-SENTI-LA-FUERZA-SSJ--300x18.png 300w, https:\/\/ssjenergydrink.com\/wp-content\/uploads\/2025\/09\/S01-SENTI-LA-FUERZA-SSJ-.png 368w\" sizes=\"(max-width: 300px) 100vw, 300px\" \/>\t\t\t\t\t\t\t\t\t\t\t\t\t\t\t<\/div>\n\t\t\t\t<\/div>\n\t\t\t\t<\/div>\n\t\t\t\t<\/div>\n\t\t","protected":false},"excerpt":{"rendered":"<p>\u00bfReady para el golpe tropical?Ninja Mango no avisa: Explota de sabor y energia.No hay pausa. No hay l\u00edmites. Feel The POWER! \u00a1Despert\u00e1 tu d\u00eda con la energ\u00eda pura del sabor guaran\u00e1!Porque cualquier momento es ideal para una SSJ.Revitalizate, refrescate y disfrut\u00e1 con Electric Guaran\u00e1. \u00a1Despert\u00e1 tu d\u00eda con la energ\u00eda pura del sabor guaran\u00e1!Porque cualquier [&hellip;]<\/p>\n","protected":false},"author":1,"featured_media":0,"parent":0,"menu_order":0,"comment_status":"closed","ping_status":"closed","template":"","meta":{"site-sidebar-layout":"no-sidebar","site-content-layout":"","ast-site-content-layout":"full-width-container","site-content-style":"default","site-sidebar-style":"default","ast-global-header-display":"","ast-banner-title-visibility":"","ast-main-header-display":"","ast-hfb-above-header-display":"","ast-hfb-below-header-display":"","ast-hfb-mobile-header-display":"","site-post-title":"disabled","ast-breadcrumbs-content":"","ast-featured-img":"disabled","footer-sml-layout":"","theme-transparent-header-meta":"","adv-header-id-meta":"","stick-header-meta":"","header-above-stick-meta":"","header-main-stick-meta":"","header-below-stick-meta":"","astra-migrate-meta-layouts":"default","ast-page-background-enabled":"default","ast-page-background-meta":{"desktop":{"background-color":"var(--ast-global-color-4)","background-image":"","background-repeat":"repeat","background-position":"center center","background-size":"auto","background-attachment":"scroll","background-type":"","background-media":"","overlay-type":"","overlay-color":"","overlay-opacity":"","overlay-gradient":""},"tablet":{"background-color":"","background-image":"","background-repeat":"repeat","background-position":"center center","background-size":"auto","background-attachment":"scroll","background-type":"","background-media":"","overlay-type":"","overlay-color":"","overlay-opacity":"","overlay-gradient":""},"mobile":{"background-color":"","background-image":"","background-repeat":"repeat","background-position":"center center","background-size":"auto","background-attachment":"scroll","background-type":"","background-media":"","overlay-type":"","overlay-color":"","overlay-opacity":"","overlay-gradient":""}},"ast-content-background-meta":{"desktop":{"background-color":"var(--ast-global-color-5)","background-image":"","background-repeat":"repeat","background-position":"center center","background-size":"auto","background-attachment":"scroll","background-type":"","background-media":"","overlay-type":"","overlay-color":"","overlay-opacity":"","overlay-gradient":""},"tablet":{"background-color":"var(--ast-global-color-5)","background-image":"","background-repeat":"repeat","background-position":"center center","background-size":"auto","background-attachment":"scroll","background-type":"","background-media":"","overlay-type":"","overlay-color":"","overlay-opacity":"","overlay-gradient":""},"mobile":{"background-color":"var(--ast-global-color-5)","background-image":"","background-repeat":"repeat","background-position":"center center","background-size":"auto","background-attachment":"scroll","background-type":"","background-media":"","overlay-type":"","overlay-color":"","overlay-opacity":"","overlay-gradient":""}},"_joinchat":[],"footnotes":""},"class_list":["post-1082","page","type-page","status-publish","hentry"],"_links":{"self":[{"href":"https:\/\/ssjenergydrink.com\/index.php\/wp-json\/wp\/v2\/pages\/1082","targetHints":{"allow":["GET"]}}],"collection":[{"href":"https:\/\/ssjenergydrink.com\/index.php\/wp-json\/wp\/v2\/pages"}],"about":[{"href":"https:\/\/ssjenergydrink.com\/index.php\/wp-json\/wp\/v2\/types\/page"}],"author":[{"embeddable":true,"href":"https:\/\/ssjenergydrink.com\/index.php\/wp-json\/wp\/v2\/users\/1"}],"replies":[{"embeddable":true,"href":"https:\/\/ssjenergydrink.com\/index.php\/wp-json\/wp\/v2\/comments?post=1082"}],"version-history":[{"count":322,"href":"https:\/\/ssjenergydrink.com\/index.php\/wp-json\/wp\/v2\/pages\/1082\/revisions"}],"predecessor-version":[{"id":1915,"href":"https:\/\/ssjenergydrink.com\/index.php\/wp-json\/wp\/v2\/pages\/1082\/revisions\/1915"}],"wp:attachment":[{"href":"https:\/\/ssjenergydrink.com\/index.php\/wp-json\/wp\/v2\/media?parent=1082"}],"curies":[{"name":"wp","href":"https:\/\/api.w.org\/{rel}","templated":true}]}}