{"id":201,"date":"2023-11-17T15:23:58","date_gmt":"2023-11-17T18:23:58","guid":{"rendered":"https:\/\/ssjenergydrink.com\/?page_id=201"},"modified":"2024-07-01T15:54:43","modified_gmt":"2024-07-01T18:54:43","slug":"season-01","status":"publish","type":"page","link":"https:\/\/ssjenergydrink.com\/index.php\/season-01\/","title":{"rendered":"Season 01"},"content":{"rendered":"\n<div class=\"wp-block-cover alignfull is-light\" style=\"min-height:747px;aspect-ratio:unset;\"><span aria-hidden=\"true\" class=\"wp-block-cover__background has-background-dim-10 has-background-dim\"><\/span><img fetchpriority=\"high\" decoding=\"async\" width=\"1642\" height=\"1095\" class=\"wp-block-cover__image-background wp-image-918\" alt=\"\" src=\"https:\/\/ssjenergydrink.com\/wp-content\/uploads\/2024\/06\/SSJEnergyDring_Banner.jpg\" data-object-fit=\"cover\" srcset=\"https:\/\/ssjenergydrink.com\/wp-content\/uploads\/2024\/06\/SSJEnergyDring_Banner.jpg 1642w, https:\/\/ssjenergydrink.com\/wp-content\/uploads\/2024\/06\/SSJEnergyDring_Banner-300x200.jpg 300w, https:\/\/ssjenergydrink.com\/wp-content\/uploads\/2024\/06\/SSJEnergyDring_Banner-1024x683.jpg 1024w, https:\/\/ssjenergydrink.com\/wp-content\/uploads\/2024\/06\/SSJEnergyDring_Banner-768x512.jpg 768w, https:\/\/ssjenergydrink.com\/wp-content\/uploads\/2024\/06\/SSJEnergyDring_Banner-1536x1024.jpg 1536w\" sizes=\"(max-width: 1642px) 100vw, 1642px\" \/><div class=\"wp-block-cover__inner-container is-layout-constrained wp-block-cover-is-layout-constrained\">\n<p class=\"has-text-align-center has-large-font-size\"><\/p>\n<\/div><\/div>\n\n\n\n<div class=\"wp-block-cover alignfull\" style=\"min-height:723px;aspect-ratio:unset;\"><span aria-hidden=\"true\" class=\"wp-block-cover__background has-black-background-color has-background-dim-100 has-background-dim\"><\/span><div class=\"wp-block-cover__inner-container is-layout-flow wp-block-cover-is-layout-flow\">\n<div style=\"height:100px\" aria-hidden=\"true\" class=\"wp-block-spacer\"><\/div>\n\n\n\n<h2 class=\"wp-block-heading has-text-align-center has-large-font-size\">Season 01<\/h2>\n\n\n\n<p>Season 01 llego para romperla, te invitamos a descubrir 3 universos incre\u00edbles, dise\u00f1ados para despertar tus sentidos y que vivas una experiencia distinta.&nbsp;<\/p>\n\n\n\n<div style=\"height:40px\" aria-hidden=\"true\" class=\"wp-block-spacer\"><\/div>\n\n\n\n<div class=\"wp-block-columns is-layout-flex wp-container-core-columns-is-layout-28f84493 wp-block-columns-is-layout-flex\">\n<div class=\"wp-block-column is-layout-flow wp-block-column-is-layout-flow\">\n<figure class=\"wp-block-image aligncenter size-full is-resized\"><img decoding=\"async\" width=\"609\" height=\"671\" src=\"https:\/\/ssjenergydrink.com\/wp-content\/uploads\/2024\/04\/2Electric-Guarana-home-animation.png\" alt=\"\" class=\"wp-image-630\" style=\"width:247px;height:auto\" srcset=\"https:\/\/ssjenergydrink.com\/wp-content\/uploads\/2024\/04\/2Electric-Guarana-home-animation.png 609w, https:\/\/ssjenergydrink.com\/wp-content\/uploads\/2024\/04\/2Electric-Guarana-home-animation-272x300.png 272w\" sizes=\"(max-width: 609px) 100vw, 609px\" \/><\/figure>\n<\/div>\n\n\n\n<div class=\"wp-block-column is-layout-flow wp-block-column-is-layout-flow\">\n<div style=\"height:25px\" aria-hidden=\"true\" class=\"wp-block-spacer\"><\/div>\n\n\n\n<h2 class=\"wp-block-heading\"><strong>Electric Guaran\u00e1<\/strong> <\/h2>\n\n\n\n<p>\u00bfBuscas una explosi\u00f3n de energ\u00eda que te haga sentir como un rayo?&nbsp;<br>Entonces no te pierdas Electric Guaran\u00e1, sabor insignia de SSJ Energy Drink . Con su vibrante sabor a guaran\u00e1 y su potente efecto<strong> energizante<\/strong>, esta bebida te dar\u00e1 el impulso necesario para enfrentar tus desaf\u00edos con toda la potencia. Ya sea para mantenerte activo durante largas jornadas o para potenciar tu rendimiento f\u00edsico, SSJ es la elecci\u00f3n ideal para aquellos que buscan un est\u00edmulo extra.&nbsp;<br>Descubr\u00ed la intensidad de energ\u00eda &nbsp;y lleva tu vitalidad a un nuevo nivel.<\/p>\n<\/div>\n<\/div>\n\n\n\n<div style=\"height:31px\" aria-hidden=\"true\" class=\"wp-block-spacer\"><\/div>\n\n\n\n<div class=\"wp-block-columns is-layout-flex wp-container-core-columns-is-layout-28f84493 wp-block-columns-is-layout-flex\">\n<div class=\"wp-block-column is-layout-flow wp-block-column-is-layout-flow\">\n<figure class=\"wp-block-image aligncenter size-full is-resized\"><img decoding=\"async\" width=\"784\" height=\"792\" src=\"https:\/\/ssjenergydrink.com\/wp-content\/uploads\/2024\/04\/5sabornaranja-home.png\" alt=\"\" class=\"wp-image-647\" style=\"width:257px;height:auto\" srcset=\"https:\/\/ssjenergydrink.com\/wp-content\/uploads\/2024\/04\/5sabornaranja-home.png 784w, https:\/\/ssjenergydrink.com\/wp-content\/uploads\/2024\/04\/5sabornaranja-home-297x300.png 297w, https:\/\/ssjenergydrink.com\/wp-content\/uploads\/2024\/04\/5sabornaranja-home-768x776.png 768w\" sizes=\"(max-width: 784px) 100vw, 784px\" \/><\/figure>\n<\/div>\n\n\n\n<div class=\"wp-block-column is-layout-flow wp-block-column-is-layout-flow\">\n<div style=\"height:25px\" aria-hidden=\"true\" class=\"wp-block-spacer\"><\/div>\n\n\n\n<h2 class=\"wp-block-heading\"><strong>Ninja Mango<\/strong> <\/h2>\n\n\n\n<p>\u00bfReady para sentir el verdadero sabor a mango?&nbsp;<br>Sumergite en el ex\u00f3tico mundo de las <strong>frutas tropicales<\/strong> y experimenta una explosi\u00f3n en tus sentidos con Ninja Mango. Un poderoso golpe de dulzura, aroma y energ\u00eda perfecto para acompa\u00f1arte en tus momentos de mayor actividad y ganas de algo rico, SSJ es esa dosis que esperabas para cambiar tu d\u00eda. Vivi\u00ed el placer de no tener limites y sent\u00ed la fuerza SSJ.<\/p>\n<\/div>\n<\/div>\n\n\n\n<div style=\"height:31px\" aria-hidden=\"true\" class=\"wp-block-spacer\"><\/div>\n\n\n\n<div class=\"wp-block-columns is-layout-flex wp-container-core-columns-is-layout-28f84493 wp-block-columns-is-layout-flex\">\n<div class=\"wp-block-column is-layout-flow wp-block-column-is-layout-flow\">\n<figure class=\"wp-block-image aligncenter size-full is-resized\"><img loading=\"lazy\" decoding=\"async\" width=\"609\" height=\"671\" src=\"https:\/\/ssjenergydrink.com\/wp-content\/uploads\/2024\/04\/2conctail-animation.png\" alt=\"\" class=\"wp-image-635\" style=\"width:263px;height:auto\" srcset=\"https:\/\/ssjenergydrink.com\/wp-content\/uploads\/2024\/04\/2conctail-animation.png 609w, https:\/\/ssjenergydrink.com\/wp-content\/uploads\/2024\/04\/2conctail-animation-272x300.png 272w\" sizes=\"(max-width: 609px) 100vw, 609px\" \/><\/figure>\n<\/div>\n\n\n\n<div class=\"wp-block-column is-layout-flow wp-block-column-is-layout-flow\">\n<div style=\"height:25px\" aria-hidden=\"true\" class=\"wp-block-spacer\"><\/div>\n\n\n\n<h2 class=\"wp-block-heading\"><strong>Feel The Ruskiy<\/strong><\/h2>\n\n\n\n<p><strong> <\/strong>\u00a1Bienvenidos a Feel the Ruskiy!&nbsp; Sumergite en una experiencia \u00fanica y vibrante con nuestra <strong>bebida sabor guaran\u00e1<\/strong> <strong>y<\/strong> <strong>vodka<\/strong>. Cada sorbo es una celebraci\u00f3n de la intensidad y la alegr\u00eda de esos buenos momentos, con el equilibrio perfecto entre el refrescante sabor del guaran\u00e1 y la distinci\u00f3n del vodka. Ya sea para una noche de fiesta con amigos o para disfrutar de esa ocasi\u00f3n especial, Feel the Ruskiy es la elecci\u00f3n ideal para quienes buscan algo \u00fanico y emocionante. Descubri el aut\u00e9ntico esp\u00edritu ruso en cada lata. \u00a1Salud!<\/p>\n<\/div>\n<\/div>\n\n\n\n<div style=\"height:25px\" aria-hidden=\"true\" class=\"wp-block-spacer\"><\/div>\n\n\n\n<div class=\"wp-block-group is-layout-constrained wp-block-group-is-layout-constrained\">\n<p style=\"padding-right:0;padding-left:0\">\u00a0Esto es solo el comienzo, cada season de SSJ nos llevara por diferentes escenarios en sus dise\u00f1os para coleccionar.\u00a0 \u00a1Que la energia de SSJ te acompa\u00f1e en cada momento de tu dia!<\/p>\n<\/div>\n<\/div><\/div>\n\n\n\n<div class=\"wp-block-columns has-black-background-color has-background is-layout-flex wp-container-core-columns-is-layout-28f84493 wp-block-columns-is-layout-flex\">\n<div class=\"wp-block-column is-layout-flow wp-block-column-is-layout-flow\">\n<h2 class=\"wp-block-heading has-text-align-center has-ast-global-color-5-color has-text-color has-link-color wp-elements-d06c0e4a5795103f173f2fcb51b62246\">Ubicaci\u00f3n<\/h2>\n\n\n\n<div class=\"wp-block-group is-content-justification-center is-nowrap is-layout-flex wp-container-core-group-is-layout-23441af8 wp-block-group-is-layout-flex\">\n<figure class=\"wp-block-image size-full is-resized\"><img loading=\"lazy\" decoding=\"async\" width=\"42\" height=\"67\" src=\"https:\/\/ssjenergydrink.com\/wp-content\/uploads\/2024\/05\/direccion-icono.png\" alt=\"\" class=\"wp-image-745\" style=\"object-fit:contain;width:40px;height:40px\"\/><\/figure>\n\n\n\n<p class=\"has-text-align-center has-ast-global-color-5-color has-text-color has-link-color wp-elements-323e7a38eec25a23aa404006457cb058\" style=\"padding-top:var(--wp--preset--spacing--20)\">Buenos Aires, Argentina.<\/p>\n<\/div>\n\n\n\n<div class=\"wp-block-group is-content-justification-center is-nowrap is-layout-flex wp-container-core-group-is-layout-23441af8 wp-block-group-is-layout-flex\">\n<figure class=\"wp-block-image size-full is-resized\"><img loading=\"lazy\" decoding=\"async\" width=\"66\" height=\"47\" src=\"https:\/\/ssjenergydrink.com\/wp-content\/uploads\/2024\/05\/correo-icono-mail.png\" alt=\"\" class=\"wp-image-744\" style=\"object-fit:contain;width:40px;height:30px\"\/><\/figure>\n\n\n\n<p class=\"has-text-align-center has-ast-global-color-5-color has-text-color has-link-color wp-elements-ac2516b1dc2a69132d6b03e12663a88f\" style=\"padding-top:var(--wp--preset--spacing--20)\">info@ssjenergydrink.com<\/p>\n<\/div>\n\n\n\n<div class=\"wp-block-group is-content-justification-center is-nowrap is-layout-flex wp-container-core-group-is-layout-23441af8 wp-block-group-is-layout-flex\">\n<figure class=\"wp-block-image size-full is-resized\"><img loading=\"lazy\" decoding=\"async\" width=\"201\" height=\"201\" src=\"https:\/\/ssjenergydrink.com\/wp-content\/uploads\/2024\/06\/icono-1.png\" alt=\"\" class=\"wp-image-789\" style=\"object-fit:contain;width:50px;height:40px\" srcset=\"https:\/\/ssjenergydrink.com\/wp-content\/uploads\/2024\/06\/icono-1.png 201w, https:\/\/ssjenergydrink.com\/wp-content\/uploads\/2024\/06\/icono-1-150x150.png 150w\" sizes=\"(max-width: 201px) 100vw, 201px\" \/><\/figure>\n\n\n\n<p class=\"has-text-align-center has-ast-global-color-5-color has-text-color has-link-color wp-elements-116fd5a136de348f5d6fe7e91f16b100\" style=\"padding-top:var(--wp--preset--spacing--20)\">(11) 66801182<\/p>\n<\/div>\n<\/div>\n\n\n\n<div class=\"wp-block-column is-layout-flow wp-block-column-is-layout-flow\">\n<h2 class=\"wp-block-heading has-text-align-center has-ast-global-color-5-color has-text-color has-link-color wp-elements-f04972401cf0dba5224420c496d03a3a\">Secciones<\/h2>\n\n\n\n<div class=\"wp-block-group has-ast-global-color-5-color has-text-color has-link-color wp-elements-d0bccae084f992f9b0cb7a65c77baac0 is-vertical is-content-justification-center is-layout-flex wp-container-core-group-is-layout-ce155fab wp-block-group-is-layout-flex\">\n<p><a href=\"https:\/\/ssjenergydrink.com\/index.php\/season-01\/\" data-type=\"link\" data-id=\"https:\/\/ssjenergydrink.com\/index.php\/season-01\/\">Season 01<\/a><\/p>\n\n\n\n<p class=\"has-text-align-center\"><a href=\"https:\/\/ssjenergydrink.com\/index.php\/ssj-synergy\/\">SSJ Synergy <\/a><\/p>\n\n\n\n<p class=\"has-text-align-center\"><a href=\"https:\/\/ssjenergydrink.com\/index.php\/quiero-distribuir\/\">Quiero Distribuir<\/a><\/p>\n\n\n\n<p class=\"has-text-align-center\"><a href=\"https:\/\/ssjenergydrink.com\/index.php\/nosotros\/\">Nosotros<\/a><\/p>\n<\/div>\n<\/div>\n\n\n\n<div class=\"wp-block-column is-layout-flow wp-block-column-is-layout-flow\">\n<h2 class=\"wp-block-heading has-text-align-center has-ast-global-color-5-color has-text-color has-link-color wp-elements-536ecfe356ab254340d5cc7165c9924c\">Seguinos<\/h2>\n\n\n\n<figure class=\"wp-block-image aligncenter size-full is-resized\"><a href=\"https:\/\/www.instagram.com\/ssjenergydrink\/\"><img loading=\"lazy\" decoding=\"async\" width=\"90\" height=\"91\" src=\"https:\/\/ssjenergydrink.com\/wp-content\/uploads\/2024\/04\/Instagram-SSJEnergyDrink.png\" alt=\"\" class=\"wp-image-428\" style=\"object-fit:cover;width:48px;height:48px\"\/><\/a><\/figure>\n\n\n\n<figure class=\"wp-block-image aligncenter size-full is-resized\"><a href=\"https:\/\/www.facebook.com\/people\/SSJ-Energy-Drink\/61554777072058\/\"><img loading=\"lazy\" decoding=\"async\" width=\"90\" height=\"91\" src=\"https:\/\/ssjenergydrink.com\/wp-content\/uploads\/2024\/04\/Facebook-SSJEnergyDrink.png\" alt=\"\" class=\"wp-image-429\" style=\"object-fit:cover;width:48px;height:48px\"\/><\/a><\/figure>\n\n\n\n<figure class=\"wp-block-image aligncenter size-full is-resized\"><a href=\"https:\/\/twitter.com\/ssjenergydrink\"><img loading=\"lazy\" decoding=\"async\" width=\"91\" height=\"91\" src=\"https:\/\/ssjenergydrink.com\/wp-content\/uploads\/2024\/04\/Twitter-SSJEnergyDrink.png\" alt=\"\" class=\"wp-image-430\" style=\"object-fit:cover;width:48px;height:48px\"\/><\/a><\/figure>\n<\/div>\n<\/div>\n","protected":false},"excerpt":{"rendered":"<p>Ubicaci\u00f3n Buenos Aires, Argentina. info@ssjenergydrink.com (11) 66801182 Secciones Season 01 SSJ Synergy Quiero Distribuir Nosotros Seguinos<\/p>\n","protected":false},"author":1,"featured_media":0,"parent":0,"menu_order":0,"comment_status":"closed","ping_status":"closed","template":"","meta":{"site-sidebar-layout":"default","site-content-layout":"","ast-site-content-layout":"","site-content-style":"default","site-sidebar-style":"default","ast-global-header-display":"","ast-banner-title-visibility":"","ast-main-header-display":"","ast-hfb-above-header-display":"","ast-hfb-below-header-display":"","ast-hfb-mobile-header-display":"","site-post-title":"disabled","ast-breadcrumbs-content":"","ast-featured-img":"","footer-sml-layout":"","theme-transparent-header-meta":"","adv-header-id-meta":"","stick-header-meta":"","header-above-stick-meta":"","header-main-stick-meta":"","header-below-stick-meta":"","astra-migrate-meta-layouts":"","ast-page-background-enabled":"default","ast-page-background-meta":{"desktop":{"background-color":"var(--ast-global-color-4)","background-image":"","background-repeat":"repeat","background-position":"center center","background-size":"auto","background-attachment":"scroll","background-type":"","background-media":"","overlay-type":"","overlay-color":"","overlay-opacity":"","overlay-gradient":""},"tablet":{"background-color":"","background-image":"","background-repeat":"repeat","background-position":"center center","background-size":"auto","background-attachment":"scroll","background-type":"","background-media":"","overlay-type":"","overlay-color":"","overlay-opacity":"","overlay-gradient":""},"mobile":{"background-color":"","background-image":"","background-repeat":"repeat","background-position":"center center","background-size":"auto","background-attachment":"scroll","background-type":"","background-media":"","overlay-type":"","overlay-color":"","overlay-opacity":"","overlay-gradient":""}},"ast-content-background-meta":{"desktop":{"background-color":"var(--ast-global-color-5)","background-image":"","background-repeat":"repeat","background-position":"center center","background-size":"auto","background-attachment":"scroll","background-type":"","background-media":"","overlay-type":"","overlay-color":"","overlay-opacity":"","overlay-gradient":""},"tablet":{"background-color":"var(--ast-global-color-5)","background-image":"","background-repeat":"repeat","background-position":"center center","background-size":"auto","background-attachment":"scroll","background-type":"","background-media":"","overlay-type":"","overlay-color":"","overlay-opacity":"","overlay-gradient":""},"mobile":{"background-color":"var(--ast-global-color-5)","background-image":"","background-repeat":"repeat","background-position":"center center","background-size":"auto","background-attachment":"scroll","background-type":"","background-media":"","overlay-type":"","overlay-color":"","overlay-opacity":"","overlay-gradient":""}},"_joinchat":[],"footnotes":""},"class_list":["post-201","page","type-page","status-publish","hentry"],"_links":{"self":[{"href":"https:\/\/ssjenergydrink.com\/index.php\/wp-json\/wp\/v2\/pages\/201","targetHints":{"allow":["GET"]}}],"collection":[{"href":"https:\/\/ssjenergydrink.com\/index.php\/wp-json\/wp\/v2\/pages"}],"about":[{"href":"https:\/\/ssjenergydrink.com\/index.php\/wp-json\/wp\/v2\/types\/page"}],"author":[{"embeddable":true,"href":"https:\/\/ssjenergydrink.com\/index.php\/wp-json\/wp\/v2\/users\/1"}],"replies":[{"embeddable":true,"href":"https:\/\/ssjenergydrink.com\/index.php\/wp-json\/wp\/v2\/comments?post=201"}],"version-history":[{"count":51,"href":"https:\/\/ssjenergydrink.com\/index.php\/wp-json\/wp\/v2\/pages\/201\/revisions"}],"predecessor-version":[{"id":977,"href":"https:\/\/ssjenergydrink.com\/index.php\/wp-json\/wp\/v2\/pages\/201\/revisions\/977"}],"wp:attachment":[{"href":"https:\/\/ssjenergydrink.com\/index.php\/wp-json\/wp\/v2\/media?parent=201"}],"curies":[{"name":"wp","href":"https:\/\/api.w.org\/{rel}","templated":true}]}}